e 16
24
What is 3c (base 14) in base 6?
130
143 (base 14) to base 2
11111111
1110110 (base 2) to base 12
9a
Convert 1111 (base 2) to base 7.
21
Convert 4 (base 12) to base 11.
4
Convert 0 (base 11) to base 12.
0
Convert 16 (base 15) to base 2.
10101
36 (base 13) to base 9
50
Convert 1 (base 9) to base 14.
1
-15 (base 13) to base 2
-10010
What is 2a (base 11) in base 3?
1012
-1 (base 5) to base 2
-1
What is -4 (base 10) in base 11?
-4
Convert -12 (base 4) to base 2.
-110
What is 1a (base 15) in base 6?
41
What is -4 (base 16) in base 3?
-11
Convert 147 (base 11) to base 7.
334
c (base 15) to base 3
110
Convert 100 (base 2) to base 16.
4
What is -2021 (base 3) in base 7?
-115
Convert -1 (base 16) to base 3.
-1
What is -34 (base 12) in base 4?
-220
What is -1100 (base 4) in base 2?
-1010000
What is 122 (base 5) in base 8?
45
-b (base 14) to base 16
-b
What is -43 (base 7) in base 14?
-23
Convert -15 (base 16) to base 9.
-23
Convert 13 (base 9) to base 12.
10
Convert -120 (base 4) to base 14.
-1a
What is -2 (base 6) in base 13?
-2
Convert 22 (base 3) to base 15.
8
Convert -65 (base 8) to base 5.
-203
-3 (base 9) to base 10
-3
-2 (base 9) to base 14
-2
-1101001 (base 2) to base 11
-96
What is 0 (base 15) in base 7?
0
-13 (base 15) to base 13
-15
Convert -1 (base 13) to base 15.
-1
5 (base 7) to base 16
5
What is -3221 (base 4) in base 13?
-14c
Convert 6 (base 12) to base 8.
6
What is -2 (base 5) in base 13?
-2
0 (base 8) to base 7
0
What is -10 (base 13) in base 14?
-d
What is 102 (base 6) in base 10?
38
Convert 1 (base 6) to base 2.
1
What is -26 (base 7) in base 14?
-16
Convert -46 (base 8) to base 2.
-100110
3 (base 13) to base 7
3
What is -45 (base 11) in base 9?
-54
What is -2 (base 9) in base 16?
-2
-2 (base 3) to base 6
-2
Convert 5 (base 8) to base 14.
5
23 (base 16) to base 8
43
-51 (base 12) to base 10
-61
2 (base 16) to base 12
2
What is -1010 (base 2) in base 14?
-a
Convert -2 (base 4) to base 11.
-2
Convert 29 (base 13) to base 5.
120
What is 4 (base 8) in base 7?
4
What is -100010 (base 2) in base 5?
-114
What is -1 (base 6) in base 5?
-1
What is 8 (base 11) in base 7?
11
Convert 0 (base 3) to base 15.
0
Convert -7 (base 10) to base 14.
-7
What is 1000 (base 2) in base 9?
8
15 (base 15) to base 3
202
-30 (base 4) to base 16
-c
-1 (base 2) to base 8
-1
2 (base 16) to base 6
2
2 (base 8) to base 12
2
-a (base 16) to base 2
-1010
Convert 9 (base 10) to base 4.
21
Convert 1001 (base 3) to base 2.
11100
What is -100011110 (base 2) in base 16?
-11e
Convert 101000 (base 2) to base 15.
2a
What is -3121 (base 4) in base 12?
-161
Convert 23 (base 15) to base 13.
27
Convert 1000000 (base 2) to base 13.
4c
Convert 7 (base 8) to base 2.
111
What is 4 (base 11) in base 7?
4
Convert 3 (base 10) to base 11.
3
What is -2 (base 11) in base 8?
-2
-7 (base 14) to base 4
-13
Convert -16 (base 15) to base 12.
-19
What is -4 (base 6) in base 4?
-10
What is -cd (base 14) in base 13?
-10c
-4 (base 10) to base 4
-10
What is -3 (base 12) in base 8?
-3
-9 (base 10) to base 5
-14
What is -4 (base 9) in base 8?
-4
What is 477 (base 9) in base 6?
1454
What is 240 (base 10) in base 2?
11110000
What is 2020 (base 4) in base 12?
b4
Convert 10110 (base 2) to base 3.
211
What is 5 (base 14) in base 5?
10
-255 (base 8) to base 5
-1143
Convert -38 (base 10) to base 6.
-102
Convert 2 (base 15) to base 11.
2
Convert -59 (base 13) to base 6.
-202
What is 212 (base 3) in base 10?
23
Convert -18a (base 11) to base 10.
-219
Convert -16 (base 16) to base 5.
-42
What is 23 (base 13) in base 15?
1e
110011000 (base 2) to base 9
503
What is -55 (base 7) in base 15?
-2a
-425 (base 6) to base 8
-241
13 (base 12) to base 6
23
What is 32 (base 10) in base 15?
22
What is -5 (base 15) in base 14?
-5
Convert -153 (base 16) to base 8.
-523
Convert -114 (base 7) to base 5.
-220
Convert 2 (base 7) to base 4.
2
What is 1000101 (base 2) in base 16?
45
What is 5 (base 16) in base 11?
5
Convert -3 (base 12) to base 9.
-3
13a (base 14) to base 9
305
What is 4 (base 6) in base 8?
4
Convert 35 (base 6) to base 2.
10111
3 (base 14) to base 13
3
What is 6 (base 8) in base 2?
110
What is 2 (base 16) in base 8?
2
Convert 4 (base 12) to base 15.
4
3 (base 8) to base 6
3
-23 (base 10) to base 4
-113
What is -13 (base 12) in base 7?
-21
What is 6c (base 16) in base 8?
154
Convert 13 (base 5) to base 14.
8
Convert -24 (base 7) to base 3.
-200
Convert 16 (base 7) to base 9.
14
Convert -111 (base 3) to base 9.
-14
What is -4 (base 13) in base 2?
-100
What is 0 (base 8) in base 4?
0
What is -13 (base 4) in base 2?
-111
What is -1 (base 15) in base 14?
-1
What is -1 (base 4) in base 11?
-1
What is 2 (base 7) in base 10?
2
What is 6 (base 12) in base 8?
6
What is 63 (base 7) in base 16?
2d
What is -10101 (base 2) in base 15?
-16
Convert -6 (base 14) to base 10.
-6
Convert 1113 (base 5) to base 12.
112
What is 7d (base 14) in base 13?
87
144 (base 5) to base 2
110001
Convert 1 (base 14) to base 15.
1
-26 (base 8) to base 3
-211
5 (base 12) to base 6
5
1 (base 13) to base 2
1
-4 (base 15) to base 7
-4
What is 9b (base 13) in base 10?
128
2121 (base 3) to base 4
1012
10123 (base 4) to base 11
238
-37 (base 8) to base 14
-23
Convert -10 (base 2) to base 8.
-2
Convert 101201 (base 3) to base 11.
243
Convert -2 (base 16) to base 5.
-2
1 (base 15) to base 5
1
What is -8d (base 15) in base 13?
-a3
What is 3 (base 8) in base 4?
3
Convert 21 (base 3) to base 4.
13
What is -e (base 15) in base 6?
-22
What is -51 (base 6) in base 15?
-21
Convert 0 (base 16) to base 10.
0
3 (base 12) to base 5
3
What is -34 (base 10) in base 16?
-22
Convert 6 (base 8) to base 10.
6
db (base 14) to base 9
234
Convert 111 (base 4) to base 16.
15
What is -22 (base 14) in base 4?
-132
Convert 26 (base 12) to base 16.
1e
-76 (base 8) to base 16
-3e
Convert 157 (base 8) to base 4.
1233
What is -6 (base 14) in base 2?
-110
-3 (base 5) to base 13
-3
What is -1010 (base 2) in base 14?
-a
What is 7 (base 12) in base 16?
7
What is -107 (base 14) in base 16?
-cb
Convert -1 (base 11) to base 13.
-1
Convert 4 (base 6) to base 16.
4
Convert -3 (base 4) to base 9.
-3
What is -1 (base 11) in base 10?
-1
Convert -16 (base 11) to base 13.
-14
Convert 1 (base 4) to base 9.
1
What is -38 (base 9) in base 11?
-32
What is 1 (base 7) in base 9?
1
What is -310 (base 5) in base 16?
-50
55 (base 7) to base 11
37
Convert 62 (base 14) to base 16.
56
What is -2 (base 8) in base 5?
-2
-24 (base 13) to base 9
-33
68 (base 11) to base 2
1001010
What is -1 (base 5) in base 14?
-1
What is -20 (base 15) in base 13?
-24
Convert 1011001 (base 2) to base 3.
10022
Convert 45 (base 8) to base 3.
1101
-10 (base 7) to base 3
-21
Convert -6 (base 11) to base 7.
-6
465 (base 7) to base 12
183
What is 1 (base 12) in base 10?
1
Convert -93 (base 13) to base 8.
-170
What is -44 (base 14) in base 8?
-74
What is -32 (base 13) in base 16?
-29
-412 (base 5) to base 16
-6b
Convert 0 (base 3) to base 9.
0
What is -3 (base 12) in base 6?
-3
1 (base 7) to base 6
1
What is -3 (base 6) in base 10?
-3
3 (base 7) to base 2
11
What is -2 (base 11) in base 13?
-2
-29 (base 14) to base 6
-101
-26 (base 12) to base 14
-22
-120 (base 4) to base 14
-1a
What is -1000010 (base 2) in base 5?
-231
Convert -3 (base 11) to base 8.
-3
Convert 5 (base 14) to base 6.
5
What is a (base 13) in base 5?
20
What is 5a (base 12) in base 2?
1000110
Convert -230 (base 12) to base 15.
-169
Convert 17 (base 11) to base 10.
18
What is 21 (base 9) in base 2?
10011
Convert -8 (base 11) to base 7.
-11
-223 (base 4) to base 7
-61
Convert 142 (base 6) to base 13.
4a
2 (base 5) to base 4
2
-22200 (base 3) to base 9
-280
What is -113 (base 4) in base 8?
-27
Convert 2 (base 5) to base 11.
2
68 (base 10) to base 9
75
What is -c7 (base 14) in base 7?
-340
What is -25 (base 8) in base 14?
-17
What is 5 (base 9) in base 11?
5
What is 13 (base 6) in base 16?
9
0 (base 7) to base 2
0
What is 3c (base 14) in base 10?
54
1 (base 7) to base 12
1
What is 3a (base 16) in base 7?
112
What is -202 (base 5) in base 10?
-52
Convert 2 (base 13) to base 5.
2
30 (base 5) to base 3
120
Convert 1322 (base 4) to base 10.
122
Convert -7a (base 16) to base 7.
-233
-6 (base 10) to base 16
-6
Convert -3 (base 13) to base 14.
-3
What is 123 (base 4) in b